{"id":45,"date":"2015-10-24T14:35:03","date_gmt":"2015-10-24T12:35:03","guid":{"rendered":"http:\/\/tutgut-neuler\/?page_id=45"},"modified":"2021-10-03T16:45:48","modified_gmt":"2021-10-03T14:45:48","slug":"impressum","status":"publish","type":"page","link":"https:\/\/tutgut-neuler.de\/index.php\/impressum\/","title":{"rendered":"Impressum"},"content":{"rendered":"<p>Martina Kohlmann<br \/>\nstaatlich gepr\u00fcfte Physiotherapeutin<\/p>\n<p>Br\u00fchlstra\u00dfe 6<br \/>\n73491 Neuler<\/p>\n<p>Telefon: <a href=\"tel:+49796152499\">07961-52499<\/a><br \/>\neMail: <a href=\"mailto:hallo@tutgut-neuler.de\">hallo@tutgut-neuler.de<\/a><br \/>\nWebseite: <a href=\"tutgut-neuler.de\">www.tutgut-neuler.de<\/a><\/p>\n<p>Termine nach Vereinbarung<br \/>\nGutscheine m\u00f6glich<\/p>\n<p><a href=\"http:\/\/tutgut-neuler.de\/index.php\/datenschutzerklaerung\/\">Datenschutzerkl\u00e4rung<\/a><\/p>\n<p>Bildnachweis:<\/p>\n<p>Lomi-Lomi: fotolia, 1.11.15, 19726418, \u00a9Helmut<br \/>\nHot-Stone: fotolia, 1.11.15, 10984745, \u00a9Darren Baker<br \/>\nEntspannungsmassage: fotolia, 1.11.15, 60752241, \u00a9arizanko<br \/>\nKinesio-Tape: fotolia, 1.11.15, 19501187, \u00a9Dirk L\u00f6ffelbein<br \/>\nLymphdrainage: fotolia, 1.11.15, 63465505, \u00a9Photographee.eu<br \/>\nBeinmassage: fotolia, 1.11.15, 55604765, \u00a9Adam Gregor<br \/>\nFu\u00dfpflege: fotolia, 1.11.15, 93867001, \u00a9lester120<br \/>\nAromamassage: fotolia, 1.11.15, 29139171, \u00a9atira<br \/>\nSchwangerenverw\u00f6hnprogramm: fotolia, 23.5.18, 192192447, \u00a9yatcenko<\/p>\n","protected":false},"excerpt":{"rendered":"<p>Martina Kohlmann staatlich gepr\u00fcfte Physiotherapeutin Br\u00fchlstra\u00dfe 6 73491 Neuler Telefon:&#8230;  <a class=\"excerpt-read-more\" href=\"https:\/\/tutgut-neuler.de\/index.php\/impressum\/\" title=\"ReadImpressum\">Read more &raquo;<\/a><\/p>\n","protected":false},"author":1,"featured_media":0,"parent":0,"menu_order":0,"comment_status":"closed","ping_status":"closed","template":"page-templates\/page-full-width.php","meta":{"footnotes":""},"_links":{"self":[{"href":"https:\/\/tutgut-neuler.de\/index.php\/wp-json\/wp\/v2\/pages\/45"}],"collection":[{"href":"https:\/\/tutgut-neuler.de\/index.php\/wp-json\/wp\/v2\/pages"}],"about":[{"href":"https:\/\/tutgut-neuler.de\/index.php\/wp-json\/wp\/v2\/types\/page"}],"author":[{"embeddable":true,"href":"https:\/\/tutgut-neuler.de\/index.php\/wp-json\/wp\/v2\/users\/1"}],"replies":[{"embeddable":true,"href":"https:\/\/tutgut-neuler.de\/index.php\/wp-json\/wp\/v2\/comments?post=45"}],"version-history":[{"count":10,"href":"https:\/\/tutgut-neuler.de\/index.php\/wp-json\/wp\/v2\/pages\/45\/revisions"}],"predecessor-version":[{"id":266,"href":"https:\/\/tutgut-neuler.de\/index.php\/wp-json\/wp\/v2\/pages\/45\/revisions\/266"}],"wp:attachment":[{"href":"https:\/\/tutgut-neuler.de\/index.php\/wp-json\/wp\/v2\/media?parent=45"}],"curies":[{"name":"wp","href":"https:\/\/api.w.org\/{rel}","templated":true}]}}