{"id":57,"date":"2015-11-02T15:02:10","date_gmt":"2015-11-02T14:02:10","guid":{"rendered":"http:\/\/tutgut-neuler.de\/?page_id=57"},"modified":"2021-10-03T16:01:28","modified_gmt":"2021-10-03T14:01:28","slug":"ueber-mich","status":"publish","type":"page","link":"https:\/\/tutgut-neuler.de\/index.php\/ueber-mich\/","title":{"rendered":"\u00dcber Mich"},"content":{"rendered":"<p><img decoding=\"async\" class=\"imagetop\" style=\"width: 300px; float: left; margin-right: 15px;\" src=\"\/wp-content\/uploads\/2018\/05\/IMG_0584.jpg\" alt=\"Beautiful woman hands are on a towel\" \/>Mein Name ist Martina Kohlmann, ich bin 1984 in Ellwangen geboren und hier in Neuler aufgewachsen.<br \/>\n2004 habe ich in Ellwangen am Hariolf Gymnasium Abitur gemacht und anschlie\u00dfend ein Semester Life Science an der Universit\u00e4t Konstanz studiert, was ich aber aufgrund des fehlenden Kontakts zu Menschen abgebrochen habe.<\/p>\n<p>2005 habe ich dann in Stuttgart-Feuerbach meine Ausbildung zur Physiotherapeutin begonnen und 2008 mit Erfolg abgeschlossen. Direkt im Anschluss besuchte ich in Freiburg an der F\u00f6ldi-Schule die Fortbildung \u201eLymphdrainage und komplexe Entstauungstherapie\u201c.<br \/>\nMeine ersten Berufsjahre verbrachte ich dann in einer Praxis im Raum Pforzheim\/Karlsruhe, wo ich sehr viel Erfahrung sammeln konnte und meine 3j\u00e4hrigen Zusatzausbildungen zur \u201eManualtherapeutin\u201c und \u201ePferdeosteotherapeutin\u201c abschlie\u00dfen konnte.<br \/>\nSeit September 2012 lebe ich zusammen mit meinem Mann wieder in meinem Elternhaus in Neuler und arbeitete bis zur Geburt meines ersten Sohnes im September 2014 in einer Praxis in Aalen.<br \/>\nIm Rahmen der Elternzeit, die ich mittlerweile schon f\u00fcr meinen 2ten Sohn beendet habe (seit Juli 2020 arbeite ich nun teilzeit in einer Praxis f\u00fcr Physiotherapie in H\u00fcttlingen), konnte ich weitere Fortbildungen, die mir schon lange am Herzen lagen (u.a. die Ausbildung zur Fachfu\u00dfpflegerin), absolvieren und kann meinen Kunden nun eine Vielfalt an Entspannungs- und Wohlf\u00fchlmassagen anbieten, immer mit meiner Erfahrung als Physiotherapeutin im Hintergrund.<br \/>\nIch w\u00fcrde mich freuen, Sie bald bei mir begr\u00fc\u00dfen zu d\u00fcrfen, um Ihnen eine kleine Auszeit zu schenken.<\/p>\n<p>Liebe Gr\u00fc\u00dfe<br \/>\nMartina Kohlmann<\/p>\n","protected":false},"excerpt":{"rendered":"<p>Mein Name ist Martina Kohlmann, ich bin 1984 in Ellwangen&#8230;  <a class=\"excerpt-read-more\" href=\"https:\/\/tutgut-neuler.de\/index.php\/ueber-mich\/\" title=\"Read\u00dcber Mich\">Read more &raquo;<\/a><\/p>\n","protected":false},"author":1,"featured_media":0,"parent":0,"menu_order":0,"comment_status":"closed","ping_status":"closed","template":"page-templates\/page-full-width.php","meta":{"footnotes":""},"_links":{"self":[{"href":"https:\/\/tutgut-neuler.de\/index.php\/wp-json\/wp\/v2\/pages\/57"}],"collection":[{"href":"https:\/\/tutgut-neuler.de\/index.php\/wp-json\/wp\/v2\/pages"}],"about":[{"href":"https:\/\/tutgut-neuler.de\/index.php\/wp-json\/wp\/v2\/types\/page"}],"author":[{"embeddable":true,"href":"https:\/\/tutgut-neuler.de\/index.php\/wp-json\/wp\/v2\/users\/1"}],"replies":[{"embeddable":true,"href":"https:\/\/tutgut-neuler.de\/index.php\/wp-json\/wp\/v2\/comments?post=57"}],"version-history":[{"count":10,"href":"https:\/\/tutgut-neuler.de\/index.php\/wp-json\/wp\/v2\/pages\/57\/revisions"}],"predecessor-version":[{"id":245,"href":"https:\/\/tutgut-neuler.de\/index.php\/wp-json\/wp\/v2\/pages\/57\/revisions\/245"}],"wp:attachment":[{"href":"https:\/\/tutgut-neuler.de\/index.php\/wp-json\/wp\/v2\/media?parent=57"}],"curies":[{"name":"wp","href":"https:\/\/api.w.org\/{rel}","templated":true}]}}