{"id":61,"date":"2015-11-13T19:17:32","date_gmt":"2015-11-13T18:17:32","guid":{"rendered":"http:\/\/tutgut-neuler.de\/?page_id=61"},"modified":"2015-11-13T19:31:53","modified_gmt":"2015-11-13T18:31:53","slug":"leistungen","status":"publish","type":"page","link":"https:\/\/tutgut-neuler.de\/index.php\/leistungen\/","title":{"rendered":"Leistungen"},"content":{"rendered":"<img loading=\"lazy\" decoding=\"async\" style=\"float:right;margin-left:15px\" class=\"aligncenter size-medium wp-image-94\" src=\"http:\/\/tutgut-neuler.de\/wp-content\/uploads\/2015\/11\/WasserCollage-300x192.jpg\" alt=\"WasserCollage\" width=\"300\" height=\"192\" srcset=\"https:\/\/tutgut-neuler.de\/wp-content\/uploads\/2015\/11\/WasserCollage-300x192.jpg 300w, https:\/\/tutgut-neuler.de\/wp-content\/uploads\/2015\/11\/WasserCollage-1024x655.jpg 1024w\" sizes=\"(max-width: 300px) 100vw, 300px\" \/>\n<h1>Allgemeine&nbsp;Informationen<\/h1>\n<ul>\n<li>Alle Behandlungen finden rein pr\u00e4ventiv und zur Entspannung statt und beinhalten immer eine Nachruhe.<\/li>\n<li>Bei den meisten Behandlungen kommt relativ viel hochwertiges Massage\u00f6l zum Einsatz, was sich nicht komplett durch Handt\u00fccher entfernen l\u00e4sst. Es besteht f\u00fcr Sie die M\u00f6glichkeit nach der Anwendung bei mir zu duschen. Dazu sollten Sie bitte eine eigenes Handtuch und Duschgel und gegebenenfalls Shampoo mitbringen. M\u00f6chten Sie das \u00d6l l\u00e4nger einziehen lassen und lieber erst zu Hause duschen, w\u00fcrde ich Sie bitten unempfindliche Kleidung zur Anwendung zu tragen, die sich gut von evtl. \u00d6lr\u00fcckst\u00e4nden reinigen l\u00e4sst.<\/li>\n<\/ul>\n","protected":false},"excerpt":{"rendered":"<p>Allgemeine&nbsp;Informationen Alle Behandlungen finden rein pr\u00e4ventiv und zur Entspannung statt&#8230;  <a class=\"excerpt-read-more\" href=\"https:\/\/tutgut-neuler.de\/index.php\/leistungen\/\" title=\"ReadLeistungen\">Read more &raquo;<\/a><\/p>\n","protected":false},"author":1,"featured_media":0,"parent":0,"menu_order":0,"comment_status":"closed","ping_status":"closed","template":"page-templates\/page-full-width.php","meta":{"footnotes":""},"_links":{"self":[{"href":"https:\/\/tutgut-neuler.de\/index.php\/wp-json\/wp\/v2\/pages\/61"}],"collection":[{"href":"https:\/\/tutgut-neuler.de\/index.php\/wp-json\/wp\/v2\/pages"}],"about":[{"href":"https:\/\/tutgut-neuler.de\/index.php\/wp-json\/wp\/v2\/types\/page"}],"author":[{"embeddable":true,"href":"https:\/\/tutgut-neuler.de\/index.php\/wp-json\/wp\/v2\/users\/1"}],"replies":[{"embeddable":true,"href":"https:\/\/tutgut-neuler.de\/index.php\/wp-json\/wp\/v2\/comments?post=61"}],"version-history":[{"count":4,"href":"https:\/\/tutgut-neuler.de\/index.php\/wp-json\/wp\/v2\/pages\/61\/revisions"}],"predecessor-version":[{"id":105,"href":"https:\/\/tutgut-neuler.de\/index.php\/wp-json\/wp\/v2\/pages\/61\/revisions\/105"}],"wp:attachment":[{"href":"https:\/\/tutgut-neuler.de\/index.php\/wp-json\/wp\/v2\/media?parent=61"}],"curies":[{"name":"wp","href":"https:\/\/api.w.org\/{rel}","templated":true}]}}